ase 8.
7160
What is 120440 (base 5) in base 3?
20011111
What is 10243 (base 5) in base 10?
698
What is -10d15 (base 16) in base 8?
-206425
-14304 (base 7) to base 13
-1a2b
Convert -4a48 (base 11) to base 8.
-14672
What is 33002 (base 9) in base 15?
6732
Convert -2f0 (base 16) to base 2.
-1011110000
What is -482 (base 13) in base 5?
-11112
Convert -225220 (base 6) to base 15.
-5ac3
What is 102b (base 13) in base 14?
b58
What is 5563 (base 8) in base 2?
101101110011
Convert -231511 (base 6) to base 7.
-111565
Convert -6367 (base 14) to base 4.
-10023313
-21a9 (base 14) to base 11
-4423
What is 779 (base 13) in base 7?
3512
-7880 (base 14) to base 3
-1001122122
Convert 57f3 (base 16) to base 6.
252123
Convert 4011 (base 9) to base 12.
183a
What is -10210022 (base 3) in base 5?
-42022
Convert -2120212212 (base 3) to base 9.
-76785
Convert 3576 (base 9) to base 11.
1aaa
Convert -335 (base 6) to base 9.
-155
What is 120222 (base 3) in base 11?
362
1123 (base 10) to base 12
797
What is 1a08 (base 12) in base 13?
15a4
What is -64086 (base 10) in base 7?
-354561
Convert 3311210 (base 5) to base 12.
29027
-113013 (base 4) to base 2
-10111000111
What is 97d (base 15) in base 13?
c8b
What is 761 (base 9) in base 4?
21232
What is 40065 (base 7) in base 8?
22663
Convert -6815 (base 9) to base 12.
-2ab8
-216032 (base 7) to base 15
-b44b
What is -284 (base 11) in base 4?
-11032
Convert -51a (base 11) to base 16.
-272
Convert -44226 (base 8) to base 13.
-85c5
Convert -6a27 (base 11) to base 13.
-4278
-16651 (base 8) to base 15
-23b3
-3402 (base 9) to base 16
-9d1
6481 (base 13) to base 11
a544
-1110000 (base 2) to base 7
-220
What is -42441 (base 6) in base 9?
-7837
-100110000 (base 2) to base 7
-613
What is a5 (base 16) in base 13?
c9
What is -557 (base 14) in base 7?
-3040
66c (base 16) to base 9
2226
13053 (base 12) to base 8
62577
What is 1596 (base 16) in base 11?
4174
Convert 2234 (base 5) to base 12.
227
Convert 4232 (base 10) to base 9.
5722
-24001 (base 5) to base 13
-a49
-1b9 (base 12) to base 11
-23a
What is 154b (base 12) in base 14?
cb1
Convert -1010 (base 9) to base 12.
-516
Convert -899 (base 10) to base 2.
-1110000011
341 (base 7) to base 13
107
Convert -5688 (base 12) to base 14.
-3704
5912 (base 12) to base 2
10011011011110
-121111020 (base 3) to base 14
-4549
381 (base 9) to base 8
474
Convert -b79 (base 16) to base 13.
-144c
Convert -c50 (base 15) to base 2.
-101011010111
What is -126 (base 10) in base 2?
-1111110
What is -135050 (base 7) in base 3?
-1022100002
What is -aa5 (base 15) in base 7?
-10004
What is -1111 (base 2) in base 14?
-11
2043 (base 8) to base 12
743
What is -5e (base 15) in base 12?
-75
-76 (base 11) to base 16
-53
What is 110201122 (base 3) in base 5?
244103
Convert 31435 (base 6) to base 9.
5765
108 (base 14) to base 6
540
4202124 (base 5) to base 10
69039
-111101110111 (base 2) to base 7
-14354
Convert -3000 (base 4) to base 2.
-11000000
-1101120 (base 3) to base 13
-600
What is -1310203 (base 4) in base 9?
-11207
202120 (base 3) to base 10
555
2440 (base 12) to base 14
16b6
Convert 739 (base 10) to base 6.
3231
-61b1 (base 16) to base 6
-311441
What is -3c3 (base 13) in base 2?
-1010011010
-441 (base 13) to base 12
-509
What is -261 (base 9) in base 15?
-e7
-3911 (base 12) to base 15
-1dcd
Convert 3322300 (base 4) to base 5.
1003143
Convert -1110101101 (base 2) to base 4.
-32231
Convert -143 (base 7) to base 12.
-68
What is -39c (base 16) in base 3?
-1021020
-303 (base 8) to base 14
-dd
Convert -20453 (base 6) to base 3.
-10210120
Convert -516 (base 9) to base 3.
-120120
What is -73 (base 11) in base 10?
-80
What is -ca4 (base 14) in base 9?
-3373
4310 (base 7) to base 14
7b0
-1113222 (base 6) to base 4
-31302032
Convert -202213 (base 4) to base 13.
-1015
Convert -2300 (base 8) to base 11.
-a06
10131 (base 9) to base 8
15016
-8d6 (base 16) to base 12
-1386
1660a (base 11) to base 15
6dc8
-2351 (base 7) to base 6
-4005
What is -313 (base 6) in base 9?
-140
Convert 2021433 (base 5) to base 2.
111111111100111
Convert 10024 (base 7) to base 12.
1497
What is -14bc6 (base 14) in base 11?
-35950
Convert 31031 (base 4) to base 13.
500
-101001011 (base 2) to base 11
-281
What is 1424 (base 9) in base 3?
1110211
Convert -11070 (base 8) to base 12.
-2848
1001101011 (base 2) to base 12
437
2033 (base 5) to base 4
10030
What is -4013 (base 5) in base 6?
-2204
110101000 (base 2) to base 15
1d4
-314231 (base 5) to base 16
-2946
Convert 130001 (base 8) to base 11.
30941
What is 204 (base 11) in base 4?
3312
51353 (base 6) to base 2
1101010110101
Convert 30220 (base 4) to base 3.
1002221
Convert 65c (base 14) to base 7.
3445
-1243 (base 12) to base 11
-160a
Convert -8973 (base 14) to base 9.
-35603
What is 2153 (base 9) in base 4?
120303
Convert 540 (base 7) to base 8.
421
What is -359a (base 13) in base 15?
-2393
Convert 11001112 (base 3) to base 4.
232031
Convert -10032312 (base 4) to base 9.
-25700
Convert -1113022 (base 4) to base 8.
-12712
Convert 77315 (base 8) to base 5.
2014321
1044 (base 6) to base 4
3310
513 (base 6) to base 14
d7
a31 (base 12) to base 8
2705
Convert -150c9 (base 13) to base 11.
-27921
Convert -2027 (base 8) to base 10.
-1047
-10015 (base 6) to base 12
-90b
What is 3016 (base 8) in base 10?
1550
Convert -1250012 (base 6) to base 7.
-404165
Convert 13048 (base 13) to base 7.
204442
-366 (base 8) to base 5
-1441
-1214 (base 5) to base 4
-2320
What is -23573 (base 8) in base 9?
-14770
3002 (base 7) to base 4
100013
11420 (base 10) to base 11
8642
Convert 1101000120 (base 3) to base 8.
64554
Convert -110100000000000 (base 2) to base 10.
-26624
Convert 1cb (base 14) to base 16.
177
42401 (base 8) to base 6
213441
Convert 7124 (base 12) to base 6.
132444
-11220211 (base 3) to base 7
-13312
What is 1201 (base 5) in base 12?
128
What is 2089 (base 10) in base 5?
31324
-100201 (base 3) to base 4
-10012
Convert 1111111100 (base 2) to base 11.
848
Convert 57372 (base 10) to base 9.
86626
What is 1101001101 (base 2) in base 10?
845
Convert -101b (base 12) to base 9.
-2355
1901 (base 12) to base 3
11011001
118 (base 13) to base 9
231
-22002020 (base 3) to base 11
-4477
-2110210210 (base 3) to base 14
-13a6a
-521 (base 10) to base 7
-1343
Convert -57 (base 12) to base 6.
-151
-420201 (base 5) to base 2
-11010111101001
Convert -241353 (base 6) to base 11.
-14936
-425 (base 15) to base 11
-780
Convert -a1 (base 13) to base 16.
-83
Convert 14137 (base 8) to base 10.
6239
-b42a (base 12) to base 9
-28817
b (base 13) to base 7
14
Convert -322 (base 5) to base 4.
-1113
What is 2873 (base 12) in base 16?
1257
What is -33020 (base 4) in base 2?
-1111001000
Convert 10200111212 (base 3) to base 4.
101231201
6a1 (base 12) to base 16
3d9
6562 (base 15) to base 3
1002110002
27f9 (base 16) to base 12
5b09
Convert 1120023 (base 4) to base 2.
1011000001011
What is b385 (base 12) in base 2?
100110001010101
264 (base 16) to base 6
2500
Convert 20 (base 4) to base 14.
8
206631 (base 7) to base 9
54326
What is b04 (base 14) in base 12?
1300
What is -300 (base 12) in base 11?
-363
Convert -120011 (base 3) to base 15.
-1c4
15403 (base 10) to base 12
8ab7
What is -302 (base 12) in base 3?
-121002
What is -1624 (base 7) in base 9?
-807
-1023302 (base 4) to base 16
-12f2
17a1 (base 16) to base 11
45aa
Convert 100323 (base 4) to base 6.
5003
Convert -8367 (base 13) to base 11.
-12717
Convert 231 (base 8) to base 7.
306
441 (base 8) to base 9
351
Convert 84 (base 14) to base 11.
a6
Convert -100010111001 (base 2) to base 5.
-32413
-121340 (base 5) to base 13
-2126
What is 11998 (base 12) in base 7?
126416
-233111 (base 4) to base 10
-3029
Convert -31d (base 16) to base 8.
-1435
Convert 452 (base 11) to base 12.
391
-a34 (base 16) to base 13
-125c
What is 71026 (base 10) in base 12?
3512a
Convert 821 (base 13) to base 9.
1802
-33 (base 5) to base 9
-20
Convert -16117 (base 8) to base 9.
-10842
Convert 2c2 (base 14) to base 4.
20302
What is -266 (base 13) in base 6?
-1542
What is -1550 (base 12) in base 14?
-cb2
-34805 (base 10) to base 16
-87f5
-32956 (base 10) to base 15
-9b71
Convert -63003 (base 9) to base 5.
-2312211
Convert -24374 (base 9) to base 7.
-65443
Convert -a76 (base 14) to base 6.
-13320
What is 1307 (base 8) in base 5?
10321
Conv